. Determine v(3).
-16
Suppose 2*j = 3*w + 19, 0 = 3*w + 2*j + 10 + 13. Let v(o) = -11*o - 1. Let i(h) = 34*h + 4. Let a(b) = w*v(b) - 2*i(b). Calculate a(-1).
-10
Let z = -15 + 19. Suppose -4*j + 43 = 3*o, -j - j - z*o = -34. Let q(d) = -6*d - 3 - 3*d**2 + 4 + 4*d**2. Give q(j).
8
Suppose 45*z + 18 - 63 = 0. Let o(i) = 5*i**3 - 2*i**2 - i + 2. Give o(z).
4
Let a = 113 + -112. Let k(c) = -7*c + 2. What is k(a)?
-5
Let i(k) be the second derivative of k**5/10 - k**4/6 - k**3/3 + k**2 - 3*k + 16. What is i(2)?
6
Let t = 7 + 0. Let v(l) = 0*l + 4*l - 4*l + l + t. Let j be ((-2)/(-4)*0)/(-2). What is v(j)?
7
Let h(v) = v - 17. Let l = 48 - 44. Suppose -x - 5*g = l*x - 25, 4*g = 20. What is h(x)?
-17
Let s(u) = u + 5. Let k(v) = v**2 - 8*v + 18. Let x be k(6). Calculate s(x).
11
Let b(x) = -35*x**3 + 6*x**2 - 17*x + 9. Let f(v) = -19*v**3 + 3*v**2 - 9*v + 5. Let c(t) = -6*b(t) + 11*f(t). What is c(3)?
10
Let i = 224 - 216. Let k(a) = a**2 - 5*a - 18. Determine k(i).
6
Let o(a) = a + 13. Let r be o(-9). Let d(g) = -3*g**2 + r*g**2 + 38*g**3 - 39*g**3. Determine d(2).
-4
Let j(c) = -c**3 - c**2 + 2*c + 1. Let i(v) = -v**3 - 4*v**2 + 4. Let d(l) = -i(l) + 2*j(l). Give d(3).
1
Suppose -b = -2*b + 44. Let f = 39 - b. Let j(t) = 3*t + 2. Give j(f).
-13
Suppose -6*z - x = -z, -4*z = 3*x. Suppose 5*l + 0*l + 10 = z. Let a(k) = 2*k**3 + 2*k**2 - k. Give a(l).
-6
Let y(s) = -s - 34. Let x(w) = -w + 33. Let c(j) = -3*x(j) - 4*y(j). Calculate c(-5).
2
Let m(x) = 4*x + 2. Let c = -89 + 85. Let q be 0 + 12/2 + c. Determine m(q).
10
Let a(j) = -9*j - 1. Let q(h) = -20*h - 2. Let v(t) = 14*a(t) - 6*q(t). Let k be v(1). Let b(g) = g + 11. Calculate b(k).
3
Let k = 735 - 747. Let c(v) = -v**2 - 13*v - 7. Give c(k).
5
Suppose -1631*v = -1638*v + 21. Let n(q) be the first derivative of -10 - 3*q**v + 1/2*q**2 + 0*q. Calculate n(-1).
-10
Suppose -8 = -5*x + 6*x. Let m = x + 11. Let n(p) = -p + 3 + 2*p**2 - 1 - 2*p. Calculate n(m).
11
Let c(h) = -h**3 + 5*h**2 - 3*h + 1. Let y = 28 + -24. Determine c(y).
5
Let z(s) be the second derivative of -s**4/12 - s**3/2 + s**2 + 420*s. Determine z(-5).
-8
Let k(r) be the second derivative of -r**8/6720 + r**7/280 - r**6/80 + r**5/60 - 4*r**4/3 - 10*r. Let h(a) be the third derivative of k(a). Determine h(8).
-6
Let k(u) be the second derivative of 0 - 7/6*u**3 + 1/60*u**5 + 1/8*u**4 - 10*u - 11/2*u**2. Let j(b) be the first derivative of k(b). Give j(-5).
3
Let g(o) be the first derivative of -1 + 0*o + 1/2*o**2 + 1/3*o**3. Give g(0).
0
Let s be 3 - (2 - -4)*-1. Suppose -s = 2*z + 5*f, z + 12 = -0*z - 5*f. Let w(x) = -15 + 52 - 20 - x**2 + 3*x - 14. What is w(z)?
3
Let i(n) be the first derivative of -2*n**3/3 - 3*n**2 - 4*n + 7. Let d be i(-2). Let v(k) = -k**2 + k + 4. Give v(d).
4
Let z(s) = s**2 + s - 3. Let w = 18 + -17. Suppose 7 + w = -4*j + i, -2*j - 4*i = 22. Give z(j).
3
Let g(w) be the third derivative of -1/12*w**4 + 0*w - 1/60*w**5 + 1/3*w**3 + 0 - 11*w**2. Let h = -4 + 7. Determine g(h).
-13
Let j(v) be the third derivative of 10*v**2 + 0*v + 0 - 3/8*v**4 - 5/6*v**3 + 1/60*v**5. Determine j(7).
-19
Let w(l) = 4*l**3 + 3*l**2 + 3*l - 3. Let v(m) = 50*m**3 + 40*m**2 + 40*m - 40. Let j(d) = -3*v(d) + 40*w(d). What is j(-1)?
-10
Let x(t) be the third derivative of 0*t**5 + 0 + 1/120*t**6 - t**2 - 11/6*t**3 - 1/24*t**4 + 0*t. Let r = 1926 - 1926. What is x(r)?
-11
Suppose 0 = -5*a + 5*u + 1 - 31, 5*a = 4*u - 30. Let h(z) = 5*z - 22 + 3*z**2 - 4*z**2 + 22 + 2*z**2. Give h(a).
6
Suppose -4*o - d - 19 = 25, 0 = -2*d. Let c = -10 - o. Suppose c = u + 6. Let w(i) = i**3 + 4*i**2 - 6*i - 2. Calculate w(u).
3
Let f(h) be the third derivative of 1/8*h**4 + 1/120*h**6 - 1/15*h**5 - 8*h**2 - 1/6*h**3 + 0*h + 0. Suppose -t - 3*y = -19, 2*t + 2*y = -3*y + 33. Give f(t).
11
Let u(i) = i + 6. Let h = -2 + 4. Suppose -2*r = h, -2*r - 3 = 3*s + r. Suppose b = -7 - s. What is u(b)?
-1
Let g(t) = -2*t**2 - 4*t + 4. Let d be g(0). Let j(y) = y**2 - y - 3. What is j(d)?
9
Let o(h) = 17*h**2 + 59*h**3 + 24 - 17*h - 60*h**3 - 7. Calculate o(16).
1
Let v be 7*-1*2*15/(-30). Let l(t) = t + 10. Let i(w) = -2*w - 30. Let a(s) = 5*i(s) + 14*l(s). Determine a(v).
18
Let t(v) be the first derivative of 1/2*v**2 + 4 + 4*v - 1/2*v**4 + v**3. Give t(3).
-20
Let j(f) be the second derivative of 1/3*f**4 + 1/2*f**2 + 0 + 0*f**3 + 27*f. Calculate j(-1).
5
Suppose -3 = -3*i, 0 = -4*o + 3*i + 2*i - 17. Let b(s) = -s**3 - 4*s**2 - 2*s + 1. Give b(o).
-2
Let z(u) = 2*u + 8. Let n be 147/28*(-4)/3. Give z(n).
-6
Let o(c) = c**2 - 18*c + 61. Let f be o(14). Let q(b) = -3*b + 7. Determine q(f).
-8
Let u(t) = 5*t**2 + 16*t - 2. Let j(r) = -r**2 - 3*r - 1. Let b(y) = -4*j(y) - u(y). Determine b(-6).
-6
Let a(s) = -3*s - 12. Let o(v) = -1. Suppose j + 2*j + 2*m - 107 = 0, 180 = 5*j + 3*m. Let x be 45/(-39) - (-6)/j. Let l(d) = x*a(d) + 2*o(d). What is l(-7)?
-11
Let x(t) = -7*t**2 + 6*t - 12. Let c(q) = q. Let u(o) = 3*c(o) - x(o). Let d(j) = -3*j**2 + 2*j - 6. Let a(h) = -5*d(h) - 2*u(h). Calculate a(5).
11
Let a(t) = t**3 - 4*t**2 - 3*t - 5. Let r be a(5). Let l(j) be the second derivative of j**5/20 - j**4/3 - j**3/2 - 7*j**2/2 - 379*j. Give l(r).
3
Let n(y) = y**3 + 12*y**2 + 4*y - 4. Let q(i) = i**2 + i + 1. Let b(f) = n(f) - 6*q(f). Determine b(-6).
2
Let v = 8 + -3. Let q(r) = -75*r + 1. Let h(k) = 13*k - 1. Let w(z) = 6*h(z) + q(z). What is w(v)?
10
Suppose -5*n + 37 + 83 = 0. Suppose 4*z - 28 = -3*j + 22, 3*j = 5*z + 86. Let x = j - n. Let u(v) = v. What is u(x)?
-2
Let m(f) be the third derivative of f**8/6720 + f**7/504 - 7*f**6/720 + f**5/24 - f**4/8 + 3*f**2. Let d(h) be the second derivative of m(h). Calculate d(-6).
11
Let i = -2 - -5. Let s = -37 + 43. Let p(m) = 2*m. Let u(h) = 2*h. Let j(k) = s*p(k) - 5*u(k). Give j(i).
6
Suppose 4 = 4*r - 3*h, 3*r + 24 = 5*r + 4*h. Let p(i) = 11*i - 2 - 5 - r*i**2 + 16. Let x(c) = 5*c**2 - 12*c - 10. Let g(a) = 4*p(a) + 3*x(a). Give g(8).
6
Let t(p) = -p**2 - 9*p - 7. Let j be t(-8). Let b(u) = u**3 - u**2 + u + 1. Let i(v) = -10*v**3 + 3*v**2 - 2*v - 5. Let k(z) = 4*b(z) + i(z). Give k(j).
-6
Let m(r) = -1. Let c(j) = j - 3*j + j - 1 + 7 + j**2. Suppose 2*i + 15 - 25 = 0. Let h(n) = i*m(n) + c(n). Calculate h(3).
7
Let p(k) = -5*k + 77. Let f be p(18). Let g(s) = s**2 + 13*s - 5. Calculate g(f).
-5
Let c(i) be the first derivative of 1/3*i**3 + 3*i + 7/2*i**2 - 3. Let v(b) = -b**2 - 12*b + 8. Let p be v(-13). Determine c(p).
-7
Let a = -726 - -736. Let b(p) = -p**2 + 9*p + 13. Give b(a).
3
Let n be (3 - 6 - -2) + 4. Let r(p) = -p**2 + 6*p - 3. Let i be r(n). Let u(k) = -1 - 4 - 2 + k + 0*k. Determine u(i).
-1
Let r(f) = -f**2 + 11*f + 14. Let g be r(12). Let c(n) = g + 2 + 2*n + 0. Calculate c(5).
14
Let w(y) = 7*y**2 - 6*y + 1. Let m(f) = 13*f**2 - 11*f + 3. Let r(d) = 6*m(d) - 11*w(d). Suppose -x + 2 = t, 4*x + 6 = -0*x + 3*t. Determine r(x).
7
Suppose -4*j = -0*j + 3*f - 439, 0 = 2*j + 3*f - 215. Suppose -3*p = 5*p - j. Let y be (-4)/p + (-195)/(-21). Let n(k) = -k + 2. What is n(y)?
-7
Let c(x) = x**2 + 9*x + 10. Let w = 33 + -25. Let l be (-60)/w + (-1)/(-2). What is c(l)?
-4
Suppose -15*d + 70 = -65. Let q(h) = -5*h - 18. Determine q(d).
-63
Let k(z) be the third derivative of z**6/120 + z**5/10 + z**4/6 - z**3 + 4*z**2. Suppose 0 = -4*d + 4 - 0. Suppose u + 4 + d = 0. Calculate k(u).
-1
Let w(k) be the third derivative of -k**5/12 + 5*k**4/24 - 2*k**3/3 + 277*k**2 + k. Calculate w(2).
-14
Let b(n) = -2*n + 1. Let u = 456 - 456. Determine b(u).
1
Let c(b) = 39*b**3 - 13*b**2 + 4*b. Let d(i) = -26*i**3 + 9*i**2 - 3*i. Let j(m) = -5*c(m) - 7*d(m). Determine j(-1).
14
Let t(x) = -x - 2. Let l(m) = m**3 - 2*m**2 - m - 4. Let q be l(3). Let d be (0 + 0)/3 + 3. Suppose 4*r + 2 + d = 5*g, -31 = q*g + 5*r. What is t(g)?
1
Let l be (-2)/((27/(-99))/((-6)/(-4))). Let k(y) = y + 8. Determine k(l).
19
Let d(n) = -3. Let a(b) = b + 7. Let i(u) = -2*a(u) - 5*d(u). Let w = -677 - -678. Give i(w).
-1
Let k(h) = 12*h + 16. Let b(y) = y + 3. Let m(u) = 5*b(u) - k(u). Give m(-1).
6
Let v(s) = -s**3 + 4*s**2. Let r(k) = 6*k - 3 + k**2 + 7*k**2 - 9*k**2. Let h be r(5). Determine v(h).
8
Let r = -33 - -56. Suppose 0 = 5*a - 5*l + 11 + 4, a + r = 5*l. Suppose -a = -2*u - 0. Let o(t) = -9*t + 1. What is o(u)?
-8
Let h(y) = -1